{"id":2806,"date":"2020-12-22T12:44:32","date_gmt":"2020-12-22T12:44:32","guid":{"rendered":"https:\/\/sanpedro.avanta.mx\/?page_id=2806"},"modified":"2022-01-31T20:00:24","modified_gmt":"2022-01-31T20:00:24","slug":"renta","status":"publish","type":"page","link":"https:\/\/sanpedro.avanta.mx\/index.php\/renta\/","title":{"rendered":"RENTA DE LOCALES COMERCIALES"},"content":{"rendered":"<p>[vc_row full_width=&#8221;stretch_row&#8221; css_animation=&#8221;slideInDown&#8221; bg_color=&#8221;#ffffff&#8221;][vc_column][vc_column_text css_animation=&#8221;slideInUp&#8221;]<\/p>\n<h1 style=\"text-align: center;\"><span style=\"color: #333333;\">UN LUGAR PARA DISFRUTAR<\/span><\/h1>\n<p>[\/vc_column_text][\/vc_column][\/vc_row][vc_row full_width=&#8221;stretch_row_content_no_spaces&#8221; content_placement=&#8221;middle&#8221;][vc_column width=&#8221;1\/3&#8243;][vc_single_image image=&#8221;3346&#8243; add_caption=&#8221;yes&#8221; alignment=&#8221;center&#8221; style=&#8221;vc_box_shadow&#8221; onclick=&#8221;zoom&#8221; css_animation=&#8221;fadeIn&#8221;][\/vc_column][vc_column width=&#8221;1\/3&#8243;][vc_empty_space height=&#8221;20px&#8221;][vc_column_text]<\/p>\n<p style=\"text-align: center;\"><span style=\"font-size: 24pt;\"><strong>AVANTA GARDENS<\/strong> <span style=\"font-size: 18pt;\">es un desarrollo de usos mixtos para gozar de un estilo de vida cosmopolita, en un ambiente de comodidad y esparcimiento.<\/span><\/span><\/p>\n<p>[\/vc_column_text][vc_empty_space height=&#8221;20px&#8221;][\/vc_column][vc_column width=&#8221;1\/3&#8243;][vc_single_image image=&#8221;3355&#8243; alignment=&#8221;center&#8221; style=&#8221;vc_box_shadow&#8221; onclick=&#8221;img_link_large&#8221; css_animation=&#8221;fadeIn&#8221;][\/vc_column][\/vc_row][vc_row full_width=&#8221;stretch_row_content&#8221; content_placement=&#8221;middle&#8221; bg_color=&#8221;#ffffff&#8221;][vc_column width=&#8221;1\/3&#8243; delimiter=&#8221;dot&#8221;][vc_column_text]<\/p>\n<p style=\"text-align: center;\"><span style=\"color: #333333; font-size: 18pt;\">Dise\u00f1ado por Arq. Fernando Terruya, nos ofrece un concepto contempor\u00e1neo, funcional y din\u00e1mico, con todos los servicios que requiere la vida moderna y en completa seguridad. <\/span><\/p>\n<p>[\/vc_column_text][vc_empty_space height=&#8221;20px&#8221;][\/vc_column][vc_column width=&#8221;2\/3&#8243;][vc_single_image image=&#8221;3626&#8243;][\/vc_column][\/vc_row][vc_row content_placement=&#8221;middle&#8221;][vc_column width=&#8221;1\/3&#8243;][vc_empty_space][vc_icon icon_fontawesome=&#8221;fa fa-users&#8221; size=&#8221;lg&#8221; align=&#8221;center&#8221; css_animation=&#8221;flipInX&#8221;][om_counter duration=&#8221;1000&#8243; number=&#8221;120&#8243; suffix=&#8221;MIL&#8221;][vc_column_text css_animation=&#8221;slideInUp&#8221;]<\/p>\n<h3 style=\"text-align: center;\">VISITANTES AVANTA<\/h3>\n<p>[\/vc_column_text][\/vc_column][vc_column width=&#8221;1\/3&#8243;][vc_empty_space][vc_icon icon_fontawesome=&#8221;fa fa-car&#8221; size=&#8221;lg&#8221; align=&#8221;center&#8221; css_animation=&#8221;flipInX&#8221;][om_counter duration=&#8221;1000&#8243; number=&#8221;42&#8243; suffix=&#8221;MIL&#8221;][vc_column_text css_animation=&#8221;slideInUp&#8221;]<\/p>\n<h3 style=\"text-align: center;\">AUTOS \u00b7 AFLUENCIA VEHICULAR<\/h3>\n<p>[\/vc_column_text][\/vc_column][vc_column width=&#8221;1\/3&#8243;][vc_empty_space][vc_icon icon_fontawesome=&#8221;fa fa-user-circle&#8221; size=&#8221;lg&#8221; align=&#8221;center&#8221; css_animation=&#8221;flipInX&#8221;][om_counter duration=&#8221;1000&#8243; number=&#8221;7&#8243; suffix=&#8221;MIL&#8221; prefix=&#8221;+&#8221;][vc_column_text css_animation=&#8221;slideInUp&#8221;]<\/p>\n<h3 style=\"text-align: center;\">INSCRITOS EN SERVICIOS<\/h3>\n<p>[\/vc_column_text][\/vc_column][\/vc_row][vc_row content_placement=&#8221;middle&#8221;][vc_column][vc_empty_space][vc_column_text]<\/p>\n<h1 style=\"text-align: center;\">RENTA DE LOCALES<\/h1>\n<p>[\/vc_column_text][vc_column_text]<\/p>\n<ul>\n<li>Nuestra ubicaci\u00f3n es privilegiada, en la zona de mayor plusval\u00eda en la zona metropolitana de Monterrey: San Pedro Garza Garc\u00eda.<\/li>\n<li>Contamos con espacios que se ajustan a tus necesidades: Islas desde 6m<sup>2<\/sup>, hasta amplios locales de 500m<sup>2.<\/sup><\/li>\n<li>\u00c1rea rentable total: 19.985 M2. Comercio 3 niveles com 13.815 M2 y oficinas de 7 niveles con 6.170 M2&nbsp;<\/li>\n<\/ul>\n<p>[\/vc_column_text][vc_empty_space height=&#8221;20px&#8221;][\/vc_column][\/vc_row][vc_row full_width=&#8221;stretch_row_content_no_spaces&#8221; content_placement=&#8221;middle&#8221;][vc_column width=&#8221;1\/3&#8243;][vc_single_image image=&#8221;3423&#8243;][\/vc_column][vc_column width=&#8221;1\/3&#8243;][vc_single_image image=&#8221;3673&#8243;][\/vc_column][vc_column width=&#8221;1\/3&#8243;][vc_single_image image=&#8221;3425&#8243; alignment=&#8221;center&#8221; onclick=&#8221;img_link_large&#8221;][\/vc_column][\/vc_row][vc_row content_placement=&#8221;middle&#8221;][vc_column][vc_empty_space][vc_column_text]<\/p>\n<h1 style=\"text-align: center;\"><strong>RENTA DE MINIBODEGAS<\/strong><\/h1>\n<div class=\"\">Ofrecemos una gran variedad de bodegas ubicadas en el s\u00f3tano de la plaza, desde 5 hasta 28 m2, cuentan con luz, puerta con llave, estacionamiento y seguridad.&nbsp; Su precio va desde $400 pesos el m2.<\/div>\n<p>[\/vc_column_text][vc_empty_space height=&#8221;20px&#8221;][\/vc_column][\/vc_row][vc_row content_placement=&#8221;middle&#8221;][vc_column][vc_empty_space][vc_separator][vc_empty_space height=&#8221;20px&#8221;][\/vc_column][\/vc_row][vc_row content_placement=&#8221;middle&#8221;][vc_column][vc_empty_space][vc_column_text]<\/p>\n<h1 style=\"text-align: center;\">HAZ TU CITA<\/h1>\n<p>[\/vc_column_text][\/vc_column][\/vc_row][vc_row][vc_column][om_click_icon_box icon_type=&#8221;linecons&#8221; link=&#8221;url:https%3A%2F%2Fapi.whatsapp.com%2Fsend%3Fphone%3D528111850499%26text%3DHola%2C%2520me%2520interesa%2520hacer%2520una%2520cita%2520para%2520ver%2520espacios%2520en%2520renta%2520en%2520Avanta|||&#8221; icon_linecons=&#8221;vc_li vc_li-phone&#8221; title=&#8221;Agenda una cita por WhatsApp&#8221;][\/om_click_icon_box][vc_column_text]<\/p>\n<p style=\"text-align: center;\">Mary Carmen Adame Tueme<\/p>\n<p style=\"text-align: center;\">Celular: <a href=\"callto:8111850499\">81.1185.0499<\/a><\/p>\n<p style=\"text-align: center;\">Tel\u00e9fono de oficina: <a href=\"callto:8112975132\">81.1297.5132<\/a><\/p>\n<p style=\"text-align: center;\">Correo:&nbsp;<a href=\"mailto:marycarmen.adame@avanta.mx\">marycarmen.adame@avanta.mx&nbsp;<\/a><\/p>\n<p>[\/vc_column_text][\/vc_column][\/vc_row]<\/p>\n","protected":false},"excerpt":{"rendered":"<p>[vc_row full_width=&#8221;stretch_row&#8221; css_animation=&#8221;slideInDown&#8221; bg_color=&#8221;#ffffff&#8221;][vc_column][vc_column_text css_animation=&#8221;slideInUp&#8221;] UN LUGAR PARA DISFRUTAR [\/vc_column_text][\/vc_column][\/vc_row][vc_row full_width=&#8221;stretch_row_content_no_spaces&#8221; content_placement=&#8221;middle&#8221;][vc_column width=&#8221;1\/3&#8243;][vc_single_image image=&#8221;3346&#8243; add_caption=&#8221;yes&#8221; alignment=&#8221;center&#8221; style=&#8221;vc_box_shadow&#8221; onclick=&#8221;zoom&#8221; css_animation=&#8221;fadeIn&#8221;][\/vc_column][vc_column width=&#8221;1\/3&#8243;][vc_empty_space height=&#8221;20px&#8221;][vc_column_text] AVANTA GARDENS es un&hellip;<\/p>\n<p><a href=\"https:\/\/sanpedro.avanta.mx\/index.php\/renta\/\" class=\"more-link post-excerpt-readmore\"><span class=\"more-link-inner\">Read more<\/span><span class=\"more-link-brd\"><\/span><\/a><\/p>\n","protected":false},"author":2,"featured_media":0,"parent":0,"menu_order":0,"comment_status":"open","ping_status":"open","template":"","meta":{"ngg_post_thumbnail":0,"_EventAllDay":false,"_EventTimezone":"","_EventStartDate":"","_EventEndDate":"","_EventStartDateUTC":"","_EventEndDateUTC":"","_EventShowMap":false,"_EventShowMapLink":false,"_EventURL":"","_EventCost":"","_EventCostDescription":"","_EventCurrencySymbol":"","_EventCurrencyCode":"","_EventCurrencyPosition":"","_EventDateTimeSeparator":"","_EventTimeRangeSeparator":"","_EventOrganizerID":[],"_EventVenueID":[],"_OrganizerEmail":"","_OrganizerPhone":"","_OrganizerWebsite":"","_VenueAddress":"","_VenueCity":"","_VenueCountry":"","_VenueProvince":"","_VenueState":"","_VenueZip":"","_VenuePhone":"","_VenueURL":"","_VenueStateProvince":"","_VenueLat":"","_VenueLng":"","_VenueShowMap":false,"_VenueShowMapLink":false,"footnotes":""},"class_list":["post-2806","page","type-page","status-publish","hentry"],"_links":{"self":[{"href":"https:\/\/sanpedro.avanta.mx\/index.php\/wp-json\/wp\/v2\/pages\/2806","targetHints":{"allow":["GET"]}}],"collection":[{"href":"https:\/\/sanpedro.avanta.mx\/index.php\/wp-json\/wp\/v2\/pages"}],"about":[{"href":"https:\/\/sanpedro.avanta.mx\/index.php\/wp-json\/wp\/v2\/types\/page"}],"author":[{"embeddable":true,"href":"https:\/\/sanpedro.avanta.mx\/index.php\/wp-json\/wp\/v2\/users\/2"}],"replies":[{"embeddable":true,"href":"https:\/\/sanpedro.avanta.mx\/index.php\/wp-json\/wp\/v2\/comments?post=2806"}],"version-history":[{"count":117,"href":"https:\/\/sanpedro.avanta.mx\/index.php\/wp-json\/wp\/v2\/pages\/2806\/revisions"}],"predecessor-version":[{"id":3896,"href":"https:\/\/sanpedro.avanta.mx\/index.php\/wp-json\/wp\/v2\/pages\/2806\/revisions\/3896"}],"wp:attachment":[{"href":"https:\/\/sanpedro.avanta.mx\/index.php\/wp-json\/wp\/v2\/media?parent=2806"}],"curies":[{"name":"wp","href":"https:\/\/api.w.org\/{rel}","templated":true}]}}

<p>[vc_row full_width=&#8221;stretch_row&#8221; css_animation=&#8221;slideInDown&#8221; bg_color=&#8221;#ffffff&#8221;][vc_column][vc_column_text css_animation=&#8221;slideInUp&#8221;]</p>
<h1 style="text-align: center;"><span style="color: #333333;">UN LUGAR PARA DISFRUTAR</span></h1>
<p>[/vc_column_text][/vc_column][/vc_row][vc_row full_width=&#8221;stretch_row_content_no_spaces&#8221; content_placement=&#8221;middle&#8221;][vc_column width=&#8221;1/3&#8243;][vc_single_image image=&#8221;3346&#8243; add_caption=&#8221;yes&#8221; alignment=&#8221;center&#8221; style=&#8221;vc_box_shadow&#8221; onclick=&#8221;zoom&#8221; css_animation=&#8221;fadeIn&#8221;][/vc_column][vc_column width=&#8221;1/3&#8243;][vc_empty_space height=&#8221;20px&#8221;][vc_column_text]</p>
<p style="text-align: center;"><span style="font-size: 24pt;"><strong>AVANTA GARDENS</strong> <span style="font-size: 18pt;">es un desarrollo de usos mixtos para gozar de un estilo de vida cosmopolita, en un ambiente de comodidad y esparcimiento.</span></span></p>
<p>[/vc_column_text][vc_empty_space height=&#8221;20px&#8221;][/vc_column][vc_column width=&#8221;1/3&#8243;][vc_single_image image=&#8221;3355&#8243; alignment=&#8221;center&#8221; style=&#8221;vc_box_shadow&#8221; onclick=&#8221;img_link_large&#8221; css_animation=&#8221;fadeIn&#8221;][/vc_column][/vc_row][vc_row full_width=&#8221;stretch_row_content&#8221; content_placement=&#8221;middle&#8221; bg_color=&#8221;#ffffff&#8221;][vc_column width=&#8221;1/3&#8243; delimiter=&#8221;dot&#8221;][vc_column_text]</p>
<p style="text-align: center;"><span style="color: #333333; font-size: 18pt;">Diseñado por Arq. Fernando Terruya, nos ofrece un concepto contemporáneo, funcional y dinámico, con todos los servicios que requiere la vida moderna y en completa seguridad. </span></p>
<p>[/vc_column_text][vc_empty_space height=&#8221;20px&#8221;][/vc_column][vc_column width=&#8221;2/3&#8243;][vc_single_image image=&#8221;3626&#8243;][/vc_column][/vc_row][vc_row content_placement=&#8221;middle&#8221;][vc_column width=&#8221;1/3&#8243;][vc_empty_space][vc_icon icon_fontawesome=&#8221;fa fa-users&#8221; size=&#8221;lg&#8221; align=&#8221;center&#8221; css_animation=&#8221;flipInX&#8221;][om_counter duration=&#8221;1000&#8243; number=&#8221;120&#8243; suffix=&#8221;MIL&#8221;][vc_column_text css_animation=&#8221;slideInUp&#8221;]</p>
<h3 style="text-align: center;">VISITANTES AVANTA</h3>
<p>[/vc_column_text][/vc_column][vc_column width=&#8221;1/3&#8243;][vc_empty_space][vc_icon icon_fontawesome=&#8221;fa fa-car&#8221; size=&#8221;lg&#8221; align=&#8221;center&#8221; css_animation=&#8221;flipInX&#8221;][om_counter duration=&#8221;1000&#8243; number=&#8221;42&#8243; suffix=&#8221;MIL&#8221;][vc_column_text css_animation=&#8221;slideInUp&#8221;]</p>
<h3 style="text-align: center;">AUTOS · AFLUENCIA VEHICULAR</h3>
<p>[/vc_column_text][/vc_column][vc_column width=&#8221;1/3&#8243;][vc_empty_space][vc_icon icon_fontawesome=&#8221;fa fa-user-circle&#8221; size=&#8221;lg&#8221; align=&#8221;center&#8221; css_animation=&#8221;flipInX&#8221;][om_counter duration=&#8221;1000&#8243; number=&#8221;7&#8243; suffix=&#8221;MIL&#8221; prefix=&#8221;+&#8221;][vc_column_text css_animation=&#8221;slideInUp&#8221;]</p>
<h3 style="text-align: center;">INSCRITOS EN SERVICIOS</h3>
<p>[/vc_column_text][/vc_column][/vc_row][vc_row content_placement=&#8221;middle&#8221;][vc_column][vc_empty_space][vc_column_text]</p>
<h1 style="text-align: center;">RENTA DE LOCALES</h1>
<p>[/vc_column_text][vc_column_text]</p>
<ul>
<li>Nuestra ubicación es privilegiada, en la zona de mayor plusvalía en la zona metropolitana de Monterrey: San Pedro Garza García.</li>
<li>Contamos con espacios que se ajustan a tus necesidades: Islas desde 6m<sup>2</sup>, hasta amplios locales de 500m<sup>2.</sup></li>
<li>Área rentable total: 19.985 M2. Comercio 3 niveles com 13.815 M2 y oficinas de 7 niveles con 6.170 M2&nbsp;</li>
</ul>
<p>[/vc_column_text][vc_empty_space height=&#8221;20px&#8221;][/vc_column][/vc_row][vc_row full_width=&#8221;stretch_row_content_no_spaces&#8221; content_placement=&#8221;middle&#8221;][vc_column width=&#8221;1/3&#8243;][vc_single_image image=&#8221;3423&#8243;][/vc_column][vc_column width=&#8221;1/3&#8243;][vc_single_image image=&#8221;3673&#8243;][/vc_column][vc_column width=&#8221;1/3&#8243;][vc_single_image image=&#8221;3425&#8243; alignment=&#8221;center&#8221; onclick=&#8221;img_link_large&#8221;][/vc_column][/vc_row][vc_row content_placement=&#8221;middle&#8221;][vc_column][vc_empty_space][vc_column_text]</p>
<h1 style="text-align: center;"><strong>RENTA DE MINIBODEGAS</strong></h1>
<div class="">Ofrecemos una gran variedad de bodegas ubicadas en el sótano de la plaza, desde 5 hasta 28 m2, cuentan con luz, puerta con llave, estacionamiento y seguridad.&nbsp; Su precio va desde $400 pesos el m2.</div>
<p>[/vc_column_text][vc_empty_space height=&#8221;20px&#8221;][/vc_column][/vc_row][vc_row content_placement=&#8221;middle&#8221;][vc_column][vc_empty_space][vc_separator][vc_empty_space height=&#8221;20px&#8221;][/vc_column][/vc_row][vc_row content_placement=&#8221;middle&#8221;][vc_column][vc_empty_space][vc_column_text]</p>
<h1 style="text-align: center;">HAZ TU CITA</h1>
<p>[/vc_column_text][/vc_column][/vc_row][vc_row][vc_column][om_click_icon_box icon_type=&#8221;linecons&#8221; link=&#8221;url:https%3A%2F%2Fapi.whatsapp.com%2Fsend%3Fphone%3D528111850499%26text%3DHola%2C%2520me%2520interesa%2520hacer%2520una%2520cita%2520para%2520ver%2520espacios%2520en%2520renta%2520en%2520Avanta|||&#8221; icon_linecons=&#8221;vc_li vc_li-phone&#8221; title=&#8221;Agenda una cita por WhatsApp&#8221;][/om_click_icon_box][vc_column_text]</p>
<p style="text-align: center;">Mary Carmen Adame Tueme</p>
<p style="text-align: center;">Celular: <a href="callto:8111850499">81.1185.0499</a></p>
<p style="text-align: center;">Teléfono de oficina: <a href="callto:8112975132">81.1297.5132</a></p>
<p style="text-align: center;">Correo:&nbsp;<a href="mailto:marycarmen.adame@avanta.mx">marycarmen.adame@avanta.mx&nbsp;</a></p>
<p>[/vc_column_text][/vc_column][/vc_row]</p>
